{"id":148,"date":"2025-05-29T23:56:17","date_gmt":"2025-05-29T21:56:17","guid":{"rendered":"https:\/\/ikcus.ba\/?page_id=148"},"modified":"2025-06-01T03:08:00","modified_gmt":"2025-06-01T01:08:00","slug":"obuka","status":"publish","type":"page","link":"https:\/\/ikcus.ba\/index.php\/obuka\/","title":{"rendered":"Obuka"},"content":{"rendered":"\t\t<div data-elementor-type=\"wp-page\" data-elementor-id=\"148\" class=\"elementor elementor-148\" data-elementor-post-type=\"page\">\n\t\t\t\t<div class=\"elementor-element elementor-element-a27632b e-flex e-con-boxed e-con e-parent\" data-id=\"a27632b\" data-element_type=\"container\" data-e-type=\"container\">\n\t\t\t\t\t<div class=\"e-con-inner\">\n\t\t\t\t<div class=\"elementor-element elementor-element-177d087 elementor-widget elementor-widget-text-editor\" data-id=\"177d087\" data-element_type=\"widget\" data-e-type=\"widget\" data-widget_type=\"text-editor.default\">\n\t\t\t\t<div class=\"elementor-widget-container\">\n\t\t\t\t\t\t\t\t\t<p>Obuka iz za\u0161tite od zra\u010denja regulirana je Pravilnikom o obuci iz za\u0161tite od zra\u010denja (\u201eSlu\u017ebeni glasnik BiH\u201c, broj 85\/15) i Pravilnikom o izmjenama i dopunama Pravilnika o obuci iz za\u0161tite od zra\u010denja (\u201eSlu\u017ebeni glasnik BiH\u201c, broj 37\/18), izdatim od strane\u00a0 Dr\u017eavne regulatorne agencije za radijacijsku i nuklearnu sigurnost Bosne i Hercegovine (DARNS). Pravilnikom je uspostavljen sveobuhvatan zakonski i proceduralni okvir za organizaciju, sprovo\u0111enje i pra\u0107enje obuka, u skladu s me\u0111unarodnim standardima i najboljom praksom u oblasti za\u0161tite od joniziraju\u0107eg zra\u010denja.<\/p><p>Klini\u010dki centar Univerziteta u Sarajevu (KCUS) kao tehni\u010dki servis za obuku iz za\u0161tite od zra\u010denja organizuje i realizuje obuke u skladu sa \u010dlanom 21. navedenog Pravilnika, u potpunosti uskla\u0111ene sa smjernicama IAEA Safety Reports Series No. 20, GSR Part 3 i ICRP Publikacije 103, koje isti\u010du va\u017enost kontinuiranog obrazovanja i osposobljavanja u sistemu za\u0161tite od zra\u010denja.<\/p><p>Obuka je obavezna za razli\u010dite kategorije u medicinskim, nemedicinskim i ostalim djalatnostima. Lica koja moraju poha\u0111ati obuku iz za\u0161tite od zra\u010denja uklju\u010duju:<\/p><ul><li>Profesionalno izlo\u017eena lica u medicinskoj i nemedicinskoj djelatnosti;<\/li><li>Profesionalno izlo\u017eena lica u visokom obrazovanju i nau\u010dno-istra\u017eiva\u010dkom radu;<\/li><li>Lica odgovorna za za\u0161titu od zra\u010denja;<\/li><li>Rukovodioce nosilaca autorizacije za obavljanje djetalnoti sa izvorima zra\u010denja;<\/li><li>Osoblje tehni\u010dkih servisa za za\u0161titu od zra\u010denja;<\/li><li>Osoblje koje u\u010destvuje u transport radioaktivnih materijala;<\/li><li>Osoblje koje u\u010destvuje u uvozu, izvozu, nabavsi I distribuciji izvora joniziraju\u0107eg zra\u010denja;<\/li><li>Radnici koji mogu biti izlo\u017eeni izvorima nepoznatog vlasnika;<\/li><li>Radnici koji u\u010destvuju u odgovoru na vanredne situacije;<\/li><li>Lica koja rade sa izvorima joniziraju\u0107eg zra\u010denja a nisu kategorisana kao profesionalno izlo\u017eena lica.<\/li><\/ul><p>Sadr\u017eaj obuke obuhvata teorijsku i prakti\u010dnu nastavu, a realizuje se prema unaprijed planiranim I odobrenim programima za odre\u0111enu djelatnost sa izvorima zra\u010denja.<\/p><h3>Uloga KCUS-a<\/h3><p>Kao vode\u0107a zdravstvena i obrazovna ustanova u Bosni i Hercegovini, KCUS ima klju\u010dnu ulogu u razvoju i provo\u0111enju obuka iz za\u0161tite od zra\u010denja. Realiziran je zna\u010dajan broj obuka koje su obuhvatile profesionalce iz razli\u010ditih oblasti \u2013 medicinskih i nemedicinskih \u2013 doprinose\u0107i podizanju nivoa sigurnosti i profesionalne odgovornosti u radu sa izvorima joniziraju\u0107eg zra\u010denja.<\/p><p>Obuke su prilago\u0111ene specifi\u010dnostima razli\u010ditih oblasti primjene zra\u010denja, te se redovno a\u017euriraju u skladu s tehnolo\u0161kim razvojem i regulatornim promjenama.<\/p>\t\t\t\t\t\t\t\t<\/div>\n\t\t\t\t<\/div>\n\t\t\t\t\t<\/div>\n\t\t\t\t<\/div>\n\t\t<div class=\"elementor-element elementor-element-9cb957c e-flex e-con-boxed e-con e-parent\" data-id=\"9cb957c\" data-element_type=\"container\" data-e-type=\"container\">\n\t\t\t\t\t<div class=\"e-con-inner\">\n\t\t\t\t<div class=\"elementor-element elementor-element-9117d3c elementor-widget elementor-widget-button\" data-id=\"9117d3c\" data-element_type=\"widget\" data-e-type=\"widget\" data-widget_type=\"button.default\">\n\t\t\t\t<div class=\"elementor-widget-container\">\n\t\t\t\t\t\t\t\t\t<div class=\"elementor-button-wrapper\">\n\t\t\t\t\t<a class=\"elementor-button elementor-button-link elementor-size-sm\" href=\"https:\/\/ikcus.ba\/index.php\/prijava-na-kurs\/\">\n\t\t\t\t\t\t<span class=\"elementor-button-content-wrapper\">\n\t\t\t\t\t\t\t\t\t<span class=\"elementor-button-text\">Prijava na kurs<\/span>\n\t\t\t\t\t<\/span>\n\t\t\t\t\t<\/a>\n\t\t\t\t<\/div>\n\t\t\t\t\t\t\t\t<\/div>\n\t\t\t\t<\/div>\n\t\t\t\t\t<\/div>\n\t\t\t\t<\/div>\n\t\t\t\t<\/div>\n\t\t","protected":false},"excerpt":{"rendered":"<p>Obuka iz za\u0161tite od zra\u010denja regulirana je Pravilnikom o obuci iz za\u0161tite od zra\u010denja (\u201eSlu\u017ebeni glasnik BiH\u201c, broj 85\/15) i Pravilnikom o izmjenama i dopunama Pravilnika o obuci iz za\u0161tite od zra\u010denja (\u201eSlu\u017ebeni glasnik BiH\u201c, broj 37\/18), izdatim od strane\u00a0 Dr\u017eavne regulatorne agencije za radijacijsku i nuklearnu sigurnost Bosne i Hercegovine (DARNS). Pravilnikom je uspostavljen [&hellip;]<\/p>\n","protected":false},"author":4,"featured_media":0,"parent":0,"menu_order":0,"comment_status":"closed","ping_status":"closed","template":"","meta":{"footnotes":""},"class_list":["post-148","page","type-page","status-publish","hentry"],"_links":{"self":[{"href":"https:\/\/ikcus.ba\/index.php\/wp-json\/wp\/v2\/pages\/148","targetHints":{"allow":["GET"]}}],"collection":[{"href":"https:\/\/ikcus.ba\/index.php\/wp-json\/wp\/v2\/pages"}],"about":[{"href":"https:\/\/ikcus.ba\/index.php\/wp-json\/wp\/v2\/types\/page"}],"author":[{"embeddable":true,"href":"https:\/\/ikcus.ba\/index.php\/wp-json\/wp\/v2\/users\/4"}],"replies":[{"embeddable":true,"href":"https:\/\/ikcus.ba\/index.php\/wp-json\/wp\/v2\/comments?post=148"}],"version-history":[{"count":13,"href":"https:\/\/ikcus.ba\/index.php\/wp-json\/wp\/v2\/pages\/148\/revisions"}],"predecessor-version":[{"id":319,"href":"https:\/\/ikcus.ba\/index.php\/wp-json\/wp\/v2\/pages\/148\/revisions\/319"}],"wp:attachment":[{"href":"https:\/\/ikcus.ba\/index.php\/wp-json\/wp\/v2\/media?parent=148"}],"curies":[{"name":"wp","href":"https:\/\/api.w.org\/{rel}","templated":true}]}}